[INFO] fetching crate quick-error2 2.1.0...
[INFO] checking quick-error2-2.1.0 against master#af3c6e733a40e671550e0f0f5aeecaa13772ba56 for pr-74989
[INFO] extracting crate quick-error2 2.1.0 into /workspace/builds/worker-5/source
[INFO] validating manifest of crates.io crate quick-error2 2.1.0 on toolchain af3c6e733a40e671550e0f0f5aeecaa13772ba56
[INFO] running `Command { std: "/workspace/cargo-home/bin/cargo" "+af3c6e733a40e671550e0f0f5aeecaa13772ba56" "read-manifest" "--manifest-path" "Cargo.toml", kill_on_drop: false }`
[INFO] started tweaking crates.io crate quick-error2 2.1.0
[INFO] finished tweaking crates.io crate quick-error2 2.1.0
[INFO] tweaked toml for crates.io crate quick-error2 2.1.0 written to /workspace/builds/worker-5/source/Cargo.toml
[INFO] crate crates.io crate quick-error2 2.1.0 already has a lockfile, it will not be regenerated
[INFO] running `Command { std: "/workspace/cargo-home/bin/cargo" "+af3c6e733a40e671550e0f0f5aeecaa13772ba56" "fetch" "--locked" "--manifest-path" "Cargo.toml", kill_on_drop: false }`
[INFO] running `Command { std: "docker" "create" "-v" "/var/lib/crater-agent-workspace/builds/worker-5/target:/opt/rustwide/target:rw,Z" "-v" "/var/lib/crater-agent-workspace/builds/worker-5/source:/opt/rustwide/workdir:ro,Z" "-v" "/var/lib/crater-agent-workspace/cargo-home:/opt/rustwide/cargo-home:ro,Z" "-v" "/var/lib/crater-agent-workspace/rustup-home:/opt/rustwide/rustup-home:ro,Z" "-e" "SOURCE_DIR=/opt/rustwide/workdir" "-e" "CARGO_TARGET_DIR=/opt/rustwide/target" "-e" "CARGO_HOME=/opt/rustwide/cargo-home" "-e" "RUSTUP_HOME=/opt/rustwide/rustup-home" "-w" "/opt/rustwide/workdir" "-m" "1610612736" "--user" "0:0" "--network" "none" "rustops/crates-build-env@sha256:d92eaeed33fa75130ca1ee6c8a01d1ffb62bac859dfdfb3450e3e5d1c0146529" "/opt/rustwide/cargo-home/bin/cargo" "+af3c6e733a40e671550e0f0f5aeecaa13772ba56" "metadata" "--no-deps" "--format-version=1", kill_on_drop: false }`
[INFO] [stdout] 9437c634cdc7c11fe786bef8b1ca52f985e0bbd70c7042637df3ca1a23e6a5be
[INFO] [stderr] WARNING: Your kernel does not support swap limit capabilities or the cgroup is not mounted. Memory limited without swap.
[INFO] running `Command { std: "docker" "start" "-a" "9437c634cdc7c11fe786bef8b1ca52f985e0bbd70c7042637df3ca1a23e6a5be", kill_on_drop: false }`
[INFO] running `Command { std: "docker" "inspect" "9437c634cdc7c11fe786bef8b1ca52f985e0bbd70c7042637df3ca1a23e6a5be", kill_on_drop: false }`
[INFO] running `Command { std: "docker" "rm" "-f" "9437c634cdc7c11fe786bef8b1ca52f985e0bbd70c7042637df3ca1a23e6a5be", kill_on_drop: false }`
[INFO] [stdout] 9437c634cdc7c11fe786bef8b1ca52f985e0bbd70c7042637df3ca1a23e6a5be
[INFO] running `Command { std: "docker" "create" "-v" "/var/lib/crater-agent-workspace/builds/worker-5/target:/opt/rustwide/target:rw,Z" "-v" "/var/lib/crater-agent-workspace/builds/worker-5/source:/opt/rustwide/workdir:ro,Z" "-v" "/var/lib/crater-agent-workspace/cargo-home:/opt/rustwide/cargo-home:ro,Z" "-v" "/var/lib/crater-agent-workspace/rustup-home:/opt/rustwide/rustup-home:ro,Z" "-e" "SOURCE_DIR=/opt/rustwide/workdir" "-e" "CARGO_TARGET_DIR=/opt/rustwide/target" "-e" "CARGO_INCREMENTAL=0" "-e" "RUST_BACKTRACE=full" "-e" "RUSTFLAGS=--cap-lints=forbid" "-e" "CARGO_HOME=/opt/rustwide/cargo-home" "-e" "RUSTUP_HOME=/opt/rustwide/rustup-home" "-w" "/opt/rustwide/workdir" "-m" "1610612736" "--user" "0:0" "--network" "none" "rustops/crates-build-env@sha256:d92eaeed33fa75130ca1ee6c8a01d1ffb62bac859dfdfb3450e3e5d1c0146529" "/opt/rustwide/cargo-home/bin/cargo" "+af3c6e733a40e671550e0f0f5aeecaa13772ba56" "check" "--frozen" "--all" "--all-targets" "--message-format=json", kill_on_drop: false }`
[INFO] [stdout] d93761f5bef5fd24d222b392b0f0f8fcad3c462da530746cf23fea0a179c7217
[INFO] [stderr] WARNING: Your kernel does not support swap limit capabilities or the cgroup is not mounted. Memory limited without swap.
[INFO] running `Command { std: "docker" "start" "-a" "d93761f5bef5fd24d222b392b0f0f8fcad3c462da530746cf23fea0a179c7217", kill_on_drop: false }`
[INFO] [stderr]     Checking quick-error2 v2.1.0 (/opt/rustwide/workdir)
[INFO] [stdout] warning: trait objects without an explicit `dyn` are deprecated
[INFO] [stdout]     --> src/lib.rs:1000:19
[INFO] [stdout]      |
[INFO] [stdout] 1000 |         let err: &Error = &Bare::Two;
[INFO] [stdout]      |                   ^^^^^ help: use `dyn`: `dyn Error`
[INFO] [stdout]      |
[INFO] [stdout]      = note: `#[warn(bare_trait_objects)]` on by default
[INFO] [stdout] 
[INFO] [stdout] 
[INFO] [stdout] warning: trait objects without an explicit `dyn` are deprecated
[INFO] [stdout]     --> src/lib.rs:1078:19
[INFO] [stdout]      |
[INFO] [stdout] 1078 |         let err: &Error = &TupleWrapper::Other(desc);
[INFO] [stdout]      |                   ^^^^^ help: use `dyn`: `dyn Error`
[INFO] [stdout] 
[INFO] [stdout] 
[INFO] [stdout] warning: trait objects without an explicit `dyn` are deprecated
[INFO] [stdout]     --> src/lib.rs:1090:19
[INFO] [stdout]      |
[INFO] [stdout] 1090 |         let err: &Error = &TupleWrapper::FromUtf8Error(source.clone(), invalid_utf8.clone());
[INFO] [stdout]      |                   ^^^^^ help: use `dyn`: `dyn Error`
[INFO] [stdout] 
[INFO] [stdout] 
[INFO] [stdout] warning: trait objects without an explicit `dyn` are deprecated
[INFO] [stdout]     --> src/lib.rs:1165:19
[INFO] [stdout]      |
[INFO] [stdout] 1165 |         let err: &Error = &StructWrapper::Utf8Error {
[INFO] [stdout]      |                   ^^^^^ help: use `dyn`: `dyn Error`
[INFO] [stdout] 
[INFO] [stdout] 
[INFO] [stdout] warning: trait objects without an explicit `dyn` are deprecated
[INFO] [stdout]     --> src/lib.rs:1312:19
[INFO] [stdout]      |
[INFO] [stdout] 1312 |         let err: &Error = &StructWrapper::Utf8Error {
[INFO] [stdout]      |                   ^^^^^ help: use `dyn`: `dyn Error`
[INFO] [stdout] 
[INFO] [stdout] 
[INFO] [stdout] error[E0432]: unresolved imports `quick_error`, `quick_error::ResultExt`
[INFO] [stdout]  --> examples/context.rs:1:5
[INFO] [stdout]   |
[INFO] [stdout] 1 | use quick_error::{quick_error, ResultExt};
[INFO] [stdout]   |     ^^^^^^^^^^^                ^^^^^^^^^
[INFO] [stdout]   |     |
[INFO] [stdout]   |     use of undeclared type or module `quick_error`
[INFO] [stdout] 
[INFO] [stdout] 
[INFO] [stdout] error: cannot determine resolution for the macro `quick_error`
[INFO] [stdout]  --> examples/context.rs:8:1
[INFO] [stdout]   |
[INFO] [stdout] 8 | quick_error! {
[INFO] [stdout]   | ^^^^^^^^^^^
[INFO] [stdout]   |
[INFO] [stdout]   = note: import resolution is stuck, try simplifying macro imports
[INFO] [stdout] 
[INFO] [stdout] 
[INFO] [stdout] error[E0433]: failed to resolve: use of undeclared type or module `Error`
[INFO] [stdout]   --> examples/context.rs:26:50
[INFO] [stdout]    |
[INFO] [stdout] 26 |     let fname = env::args().skip(1).next().ok_or(Error::NoFileName)?;
[INFO] [stdout]    |                                                  ^^^^^ use of undeclared type or module `Error`
[INFO] [stdout] 
[INFO] [stdout] 
[INFO] [stdout] error[E0412]: cannot find type `Error` in this scope
[INFO] [stdout]   --> examples/context.rs:25:32
[INFO] [stdout]    |
[INFO] [stdout] 25 | fn parse_file() -> Result<u64, Error> {
[INFO] [stdout]    |                                ^^^^^ not found in this scope
[INFO] [stdout]    |
[INFO] [stdout] help: consider importing one of these items
[INFO] [stdout]    |
[INFO] [stdout] 1  | use core::fmt::Error;
[INFO] [stdout]    |
[INFO] [stdout] 1  | use crate::io::Error;
[INFO] [stdout]    |
[INFO] [stdout] 1  | use std::error::Error;
[INFO] [stdout]    |
[INFO] [stdout] 1  | use std::fmt::Error;
[INFO] [stdout]    |
[INFO] [stdout]      and 1 other candidate
[INFO] [stdout] 
[INFO] [stdout] 
[INFO] [stdout] warning: unused import: `self`
[INFO] [stdout]  --> examples/context.rs:4:15
[INFO] [stdout]   |
[INFO] [stdout] 4 | use std::io::{self, stderr, Read, Write};
[INFO] [stdout]   |               ^^^^
[INFO] [stdout]   |
[INFO] [stdout]   = note: `#[warn(unused_imports)]` on by default
[INFO] [stdout] 
[INFO] [stdout] 
[INFO] [stdout] warning: unused import: `std::num::ParseIntError`
[INFO] [stdout]  --> examples/context.rs:5:5
[INFO] [stdout]   |
[INFO] [stdout] 5 | use std::num::ParseIntError;
[INFO] [stdout]   |     ^^^^^^^^^^^^^^^^^^^^^^^
[INFO] [stdout] 
[INFO] [stdout] 
[INFO] [stdout] warning: unused import: `PathBuf`
[INFO] [stdout]  --> examples/context.rs:6:23
[INFO] [stdout]   |
[INFO] [stdout] 6 | use std::path::{Path, PathBuf};
[INFO] [stdout]   |                       ^^^^^^^
[INFO] [stdout] 
[INFO] [stdout] 
[INFO] [stdout] error[E0599]: no method named `context` found for enum `std::result::Result<File, std::io::Error>` in the current scope
[INFO] [stdout]   --> examples/context.rs:28:38
[INFO] [stdout]    |
[INFO] [stdout] 28 |     let mut file = File::open(fname).context(fname)?;
[INFO] [stdout]    |                                      ^^^^^^^ method not found in `std::result::Result<File, std::io::Error>`
[INFO] [stdout]    |
[INFO] [stdout]    = help: items from traits can only be used if the trait is in scope
[INFO] [stdout] help: the following trait is implemented but not in scope; perhaps add a `use` for it:
[INFO] [stdout]    |
[INFO] [stdout] 1  | use quick_error2::ResultExt;
[INFO] [stdout]    |
[INFO] [stdout] 
[INFO] [stdout] 
[INFO] [stdout] error[E0599]: no method named `context` found for enum `std::result::Result<_, _>` in the current scope
[INFO] [stdout]   --> examples/context.rs:31:20
[INFO] [stdout]    |
[INFO] [stdout] 31 |     Ok(buf.parse().context(fname)?)
[INFO] [stdout]    |                    ^^^^^^^ method not found in `std::result::Result<_, _>`
[INFO] [stdout]    |
[INFO] [stdout]    = help: items from traits can only be used if the trait is in scope
[INFO] [stdout] help: the following trait is implemented but not in scope; perhaps add a `use` for it:
[INFO] [stdout]    |
[INFO] [stdout] 1  | use quick_error2::ResultExt;
[INFO] [stdout]    |
[INFO] [stdout] 
[INFO] [stdout] 
[INFO] [stdout] warning: unused import: `Read`
[INFO] [stdout]  --> examples/context.rs:4:29
[INFO] [stdout]   |
[INFO] [stdout] 4 | use std::io::{self, stderr, Read, Write};
[INFO] [stdout]   |                             ^^^^
[INFO] [stdout] 
[INFO] [stdout] 
[INFO] [stdout] error: aborting due to 6 previous errors; 4 warnings emitted
[INFO] [stdout] 
[INFO] [stdout] 
[INFO] [stdout] Some errors have detailed explanations: E0412, E0432, E0433, E0599.
[INFO] [stdout] 
[INFO] [stdout] For more information about an error, try `rustc --explain E0412`.
[INFO] [stdout] 
[INFO] [stderr] error: could not compile `quick-error2`.
[INFO] [stderr] 
[INFO] [stderr] To learn more, run the command again with --verbose.
[INFO] [stderr] warning: build failed, waiting for other jobs to finish...
[INFO] [stdout] warning: 5 warnings emitted
[INFO] [stdout] 
[INFO] [stdout] 
[INFO] [stderr] error: build failed
[INFO] running `Command { std: "docker" "inspect" "d93761f5bef5fd24d222b392b0f0f8fcad3c462da530746cf23fea0a179c7217", kill_on_drop: false }`
[INFO] running `Command { std: "docker" "rm" "-f" "d93761f5bef5fd24d222b392b0f0f8fcad3c462da530746cf23fea0a179c7217", kill_on_drop: false }`
[INFO] [stdout] d93761f5bef5fd24d222b392b0f0f8fcad3c462da530746cf23fea0a179c7217
